{"id":12,"date":"2024-01-20T21:53:34","date_gmt":"2024-01-20T20:53:34","guid":{"rendered":"https:\/\/elitejuridica.com\/?page_id=12"},"modified":"2025-08-07T04:25:22","modified_gmt":"2025-08-07T02:25:22","slug":"equipo","status":"publish","type":"page","link":"https:\/\/elitejuridica.com\/index.php\/equipo\/","title":{"rendered":"Equipo"},"content":{"rendered":"\t\t<div data-elementor-type=\"wp-page\" data-elementor-id=\"12\" class=\"elementor elementor-12\">\n\t\t\t\t\t\t\t<div class=\"elementor-element elementor-element-db68b82 e-flex e-con-boxed e-con e-parent\" data-id=\"db68b82\" data-element_type=\"container\" data-settings=\"{&quot;content_width&quot;:&quot;boxed&quot;}\" data-core-v316-plus=\"true\">\n\t\t\t\t\t<div class=\"e-con-inner\">\n\t\t\t\t<div class=\"elementor-element elementor-element-8f65a59 elementor-widget elementor-widget-text-editor\" data-id=\"8f65a59\" data-element_type=\"widget\" data-widget_type=\"text-editor.default\">\n\t\t\t\t<div class=\"elementor-widget-container\">\n\t\t\t<style>\/*! elementor - v3.18.0 - 20-12-2023 *\/\n.elementor-widget-text-editor.elementor-drop-cap-view-stacked .elementor-drop-cap{background-color:#69727d;color:#fff}.elementor-widget-text-editor.elementor-drop-cap-view-framed .elementor-drop-cap{color:#69727d;border:3px solid;background-color:transparent}.elementor-widget-text-editor:not(.elementor-drop-cap-view-default) .elementor-drop-cap{margin-top:8px}.elementor-widget-text-editor:not(.elementor-drop-cap-view-default) .elementor-drop-cap-letter{width:1em;height:1em}.elementor-widget-text-editor .elementor-drop-cap{float:left;text-align:center;line-height:1;font-size:50px}.elementor-widget-text-editor .elementor-drop-cap-letter{display:inline-block}<\/style>\t\t\t\t<p><span style=\"color: #000080;\">Se ofrece un servicio legal altamente especializado en el \u00e1rea de Derecho Civil y Administrativo. La pr\u00e1ctica profesional se enfoca en la representaci\u00f3n en demandas contra el estado, casos de da\u00f1os, pensiones, contrataci\u00f3n p\u00fablica y privada. Con m\u00e1s de una d\u00e9cada de experiencia, se ha consolidado una notable trayectoria en la defensa judicial y la asesor\u00eda jur\u00eddica a diversas entidades del sector p\u00fablico.<\/span><\/p><p><span style=\"color: #000080;\">La firma se respalda en una rigurosa formaci\u00f3n acad\u00e9mica, que comprende especializaciones en Derecho Administrativo, maestr\u00edas en Derecho P\u00fablico y Derecho Comparado, y un Doctorado en Derecho Administrativo. La experiencia profesional se enriquece con el ejercicio de la docencia en prestigiosas facultades de derecho y una carrera en el servicio p\u00fablico. A esta trayectoria se suma el honor de participar como conjuez en el Tribunal Contencioso Administrativo de Cundinamarca, garantizando una perspectiva integral y profunda en cada caso.<\/span><\/p>\t\t\t\t\t\t<\/div>\n\t\t\t\t<\/div>\n\t\t\t\t\t<\/div>\n\t\t\t\t<\/div>\n\t\t\t\t\t\t\t<\/div>\n\t\t","protected":false},"excerpt":{"rendered":"<p>Se ofrece un servicio legal altamente especializado en el \u00e1rea de Derecho Civil y Administrativo. La pr\u00e1ctica profesional se enfoca en la representaci\u00f3n en demandas contra el estado, casos de da\u00f1os, pensiones, contrataci\u00f3n p\u00fablica y privada. Con m\u00e1s de una d\u00e9cada de experiencia, se ha consolidado una notable trayectoria en la defensa judicial y la &hellip; <\/p>\n<p class=\"link-more\"><a href=\"https:\/\/elitejuridica.com\/index.php\/equipo\/\" class=\"more-link\">Continue reading<span class=\"screen-reader-text\"> &#8220;Equipo&#8221;<\/span><\/a><\/p>\n","protected":false},"author":1,"featured_media":0,"parent":0,"menu_order":0,"comment_status":"closed","ping_status":"closed","template":"","meta":{"footnotes":""},"_links":{"self":[{"href":"https:\/\/elitejuridica.com\/index.php\/wp-json\/wp\/v2\/pages\/12"}],"collection":[{"href":"https:\/\/elitejuridica.com\/index.php\/wp-json\/wp\/v2\/pages"}],"about":[{"href":"https:\/\/elitejuridica.com\/index.php\/wp-json\/wp\/v2\/types\/page"}],"author":[{"embeddable":true,"href":"https:\/\/elitejuridica.com\/index.php\/wp-json\/wp\/v2\/users\/1"}],"replies":[{"embeddable":true,"href":"https:\/\/elitejuridica.com\/index.php\/wp-json\/wp\/v2\/comments?post=12"}],"version-history":[{"count":184,"href":"https:\/\/elitejuridica.com\/index.php\/wp-json\/wp\/v2\/pages\/12\/revisions"}],"predecessor-version":[{"id":379,"href":"https:\/\/elitejuridica.com\/index.php\/wp-json\/wp\/v2\/pages\/12\/revisions\/379"}],"wp:attachment":[{"href":"https:\/\/elitejuridica.com\/index.php\/wp-json\/wp\/v2\/media?parent=12"}],"curies":[{"name":"wp","href":"https:\/\/api.w.org\/{rel}","templated":true}]}}

<div data-elementor-type="wp-page" data-elementor-id="12" class="elementor elementor-12">
							<div class="elementor-element elementor-element-db68b82 e-flex e-con-boxed e-con e-parent" data-id="db68b82" data-element_type="container" data-settings="{&quot;content_width&quot;:&quot;boxed&quot;}" data-core-v316-plus="true">
					<div class="e-con-inner">
				<div class="elementor-element elementor-element-8f65a59 elementor-widget elementor-widget-text-editor" data-id="8f65a59" data-element_type="widget" data-widget_type="text-editor.default">
				<div class="elementor-widget-container">
			<style>/*! elementor - v3.18.0 - 20-12-2023 */
.elementor-widget-text-editor.elementor-drop-cap-view-stacked .elementor-drop-cap{background-color:#69727d;color:#fff}.elementor-widget-text-editor.elementor-drop-cap-view-framed .elementor-drop-cap{color:#69727d;border:3px solid;background-color:transparent}.elementor-widget-text-editor:not(.elementor-drop-cap-view-default) .elementor-drop-cap{margin-top:8px}.elementor-widget-text-editor:not(.elementor-drop-cap-view-default) .elementor-drop-cap-letter{width:1em;height:1em}.elementor-widget-text-editor .elementor-drop-cap{float:left;text-align:center;line-height:1;font-size:50px}.elementor-widget-text-editor .elementor-drop-cap-letter{display:inline-block}</style>				<p><span style="color: #000080;">Se ofrece un servicio legal altamente especializado en el área de Derecho Civil y Administrativo. La práctica profesional se enfoca en la representación en demandas contra el estado, casos de daños, pensiones, contratación pública y privada. Con más de una década de experiencia, se ha consolidado una notable trayectoria en la defensa judicial y la asesoría jurídica a diversas entidades del sector público.</span></p><p><span style="color: #000080;">La firma se respalda en una rigurosa formación académica, que comprende especializaciones en Derecho Administrativo, maestrías en Derecho Público y Derecho Comparado, y un Doctorado en Derecho Administrativo. La experiencia profesional se enriquece con el ejercicio de la docencia en prestigiosas facultades de derecho y una carrera en el servicio público. A esta trayectoria se suma el honor de participar como conjuez en el Tribunal Contencioso Administrativo de Cundinamarca, garantizando una perspectiva integral y profunda en cada caso.</span></p>						</div>
				</div>
					</div>
				</div>
							</div>

<p>Se ofrece un servicio legal altamente especializado en el área de Derecho Civil y Administrativo. La práctica profesional se enfoca en la representación en demandas contra el estado, casos de daños, pensiones, contratación pública y privada. Con más de una década de experiencia, se ha consolidado una notable trayectoria en la defensa judicial y la &hellip; </p>
<p class="link-more"><a href="https://elitejuridica.com/index.php/equipo/" class="more-link">Continue reading<span class="screen-reader-text"> &#8220;Equipo&#8221;</span></a></p>
